 123699?
1
What is the ten thousands digit of 187811?
8
What is the thousands digit of 1547?
1
What is the units digit of 24307?
7
What is the thousands digit of 2084?
2
What is the units digit of 1552?
2
What is the tens digit of 6972?
7
What is the tens digit of 45398?
9
What is the tens digit of 29758?
5
What is the units digit of 1197?
7
What is the units digit of 5769?
9
What is the thousands digit of 32284?
2
What is the units digit of 292?
2
What is the units digit of 803?
3
What is the hundreds digit of 794?
7
What is the units digit of 168?
8
What is the units digit of 5788?
8
What is the tens digit of 3137?
3
What is the tens digit of 6716?
1
What is the units digit of 14570?
0
What is the units digit of 249?
9
What is the tens digit of 16758?
5
What is the hundreds digit of 24876?
8
What is the hundreds digit of 4199?
1
What is the ten thousands digit of 37685?
3
What is the hundreds digit of 3561?
5
What is the hundreds digit of 18863?
8
What is the hundreds digit of 1828?
8
What is the hundreds digit of 1919?
9
What is the thousands digit of 3944?
3
What is the thousands digit of 38225?
8
What is the thousands digit of 19226?
9
What is the units digit of 8119?
9
What is the tens digit of 1027?
2
What is the thousands digit of 1375?
1
What is the units digit of 59321?
1
What is the units digit of 6565?
5
What is the units digit of 849?
9
What is the units digit of 45258?
8
What is the tens digit of 1221?
2
What is the units digit of 5538?
8
What is the tens digit of 4254?
5
What is the tens digit of 10744?
4
What is the thousands digit of 31664?
1
What is the tens digit of 8492?
9
What is the hundreds digit of 27405?
4
What is the units digit of 44814?
4
What is the ten thousands digit of 108790?
0
What is the units digit of 30940?
0
What is the tens digit of 1610?
1
What is the units digit of 307?
7
What is the tens digit of 1555?
5
What is the units digit of 4605?
5
What is the thousands digit of 51068?
1
What is the tens digit of 1375?
7
What is the thousands digit of 24874?
4
What is the thousands digit of 2171?
2
What is the ten thousands digit of 50479?
5
What is the units digit of 3891?
1
What is the units digit of 3447?
7
What is the tens digit of 2229?
2
What is the units digit of 1711?
1
What is the tens digit of 1984?
8
What is the tens digit of 10777?
7
What is the tens digit of 2588?
8
What is the thousands digit of 5076?
5
What is the thousands digit of 8296?
8
What is the units digit of 290?
0
What is the thousands digit of 1451?
1
What is the tens digit of 8882?
8
What is the thousands digit of 16459?
6
What is the tens digit of 11918?
1
What is the tens digit of 6894?
9
What is the hundreds digit of 9249?
2
What is the units digit of 2177?
7
What is the units digit of 129535?
5
What is the hundreds digit of 30084?
0
What is the thousands digit of 1376?
1
What is the hundreds digit of 1281?
2
What is the tens digit of 7598?
9
What is the units digit of 10230?
0
What is the tens digit of 1865?
6
What is the thousands digit of 8179?
8
What is the hundreds digit of 6454?
4
What is the hundreds digit of 6972?
9
What is the thousands digit of 76886?
6
What is the thousands digit of 4404?
4
What is the hundreds digit of 43993?
9
What is the hundreds digit of 41283?
2
What is the tens digit of 3132?
3
What is the tens digit of 3571?
7
What is the ten thousands digit of 15606?
1
What is the units digit of 15443?
3
What is the thousands digit of 5170?
5
What is the tens digit of 4641?
4
What is the thousands digit of 9524?
9
What is the units digit of 37621?
1
What is the hundreds digit of 60808?
8
What is the thousands digit of 102273?
2
What is the hundreds digit of 1555?
5
What is the tens digit of 1249?
4
What is the thousands digit of 14427?
4
What is the tens digit of 537?
3
What is the tens digit of 21?
2
What is the units digit of 5949?
9
What is the units digit of 374?
4
What is the thousands digit of 14978?
4
What is the ten thousands digit of 18479?
1
What is the hundreds digit of 7760?
7
What is the hundreds digit of 14403?
4
What is the hundreds digit of 2554?
5
What is the tens digit of 3289?
8
What is the thousands digit of 134886?
4
What is the units digit of 418?
8
What is the units digit of 69140?
0
What is the hundreds digit of 479?
4
What is the units digit of 2133?
3
What is the tens digit of 3463?
6
What is the hundreds digit of 9685?
6
What is the ten thousands digit of 10492?
1
What is the ten thousands digit of 80557?
8
What is the units digit of 1332?
2
What is the thousands digit of 4112?
4
What is the thousands digit of 3033?
3
What is the tens digit of 4018?
1
What is the hundreds digit of 17936?
9
What is the tens digit of 1413?
1
What is the hundreds digit of 6261?
2
What is the ten thousands digit of 17192?
1
What is the thousands digit of 1060?
1
What is the hundreds digit of 20302?
3
What is the hundreds digit of 697?
6
What is the units digit of 12084?
4
What is the tens digit of 7617?
1
What is the units digit of 294?
4
What is the tens digit of 2210?
1
What is the tens digit of 32848?
4
What is the units digit of 6816?
6
What is the tens digit of 37617?
1
What is the tens digit of 22228?
2
What is the hundreds digit of 3228?
2
What is the hundreds digit of 9351?
3
What is the units digit of 1392?
2
What is the hundreds digit of 5932?
9
What is the hundreds digit of 3600?
6
What is the tens digit of 24519?
1
What is the hundreds digit of 135498?
4
What is the tens digit of 1428?
2
What is the ten thousands digit of 39811?
3
What is the tens digit of 6627?
2
What is the units digit of 1475?
5
What is the units digit of 8913?
3
What is the ten thousands digit of 50635?
5
What is the units digit of 698?
8
What is the ten thousands digit of 10243?
1
What is the units digit of 4559?
9
What is the hundreds digit of 863?
8
What is the tens digit of 5406?
0
What is the units digit of 38814?
4
What is the tens digit of 4250?
5
What is the units digit of 12137?
7
What is the units digit of 1287?
7
What is the thousands digit of 147200?
7
What is the tens digit of 13076?
7
What is the tens digit of 234?
3
What is the units digit of 3422?
2
What is the thousands digit of 1988?
1
What is the thousands digit of 70800?
0
What is the tens digit of 53137?
3
What is the hundreds digit of 1642?
6
What is the hundred thousands digit of 121763?
1
What is the units digit of 7057?
7
What is the tens digit of 26834?
3
What is the hundreds digit of 36112?
1
What is the hundreds digit of 724?
7
What is the ten thousands digit of 93807?
9
What is the thousands digit of 10254?
0
What is the units digit of 711?
1
What is the ten thousands digit of 13256?
1
What is the units digit of 4297?
7
What is the tens digit of 796?
9
What is the thousands digit of 27491?
7
What is the units digit of 6038?
8
What is the tens digit of 53340?
4
What is the tens digit of 5358?
5
What is the thousands digit of 16222?
6
What is the units digit of 28643?
3
What is the hundreds digit of 1703?
7
What is the tens digit of 2678?
7
What is the thousands digit of 3374?
3
What is the tens digit of 103297?
9
What is the hundreds digit of 1148?
1
What is the units digit of 55827?
7
What is the units digit of 1264?
4
What is the thousands digit of 4904?
4
What is the units digit of 604?
4
What is the units digit of 588?
8
What is the units digit of 10989?
9
What is the tens digit of 2394?
9
What is the units digit of 6134?
4
What is the hundreds digit of 21998?
9
What is the thousands digit of 6051?
6
What is the hundreds digit of 2087?
0
What is the hundreds digit of 6490?
4
What is the units digit of 68956?
6
What is the tens digit of 440?
4
What is the ten thousands digit of 34881?
3
What is the hundreds digit of 42440?
4
What is the hundreds digit of 1996?
9
What is the hundreds digit of 82836?
8
What is the thousands digit of 62882?
2
What is the thousands digit of 156228?
6
What is the units digit of 27838?
8
What is the hundreds digit of 11585?
5
What is the thousands digit of 2025?
2
What is the hundreds digit of 705?
7
What is the tens digit of 136398?
9
What is the thousands digit of 62031?
2
What is the tens digit of 80872?
7
What is the units digit of 11962?
2
What is the hundreds digit of 33975?
9
What is the hundreds digit of 